number?
True
Is 114718099 a composite number?
False
Is 33165647 composite?
True
Is 1114193 a composite number?
False
Is 1371613 prime?
False
Is 239480837 composite?
True
Is 90079421 a prime number?
True
Is 5513827 a prime number?
False
Is 68274079 a composite number?
False
Is 364349 a prime number?
True
Is 299067 a composite number?
True
Is 91237561 composite?
True
Is 238002833 prime?
False
Is 3732623 a composite number?
True
Is 4310171 a prime number?
True
Is 510225901 composite?
False
Is 4361113 a composite number?
False
Is 143102933 prime?
True
Is 236291 a composite number?
True
Is 18244117 prime?
True
Is 833363 a composite number?
False
Is 145254973 composite?
False
Is 159539497 prime?
False
Is 20969033 prime?
False
Is 112165849 a composite number?
False
Is 55046293 prime?
False
Is 43294243 a composite number?
False
Is 717814 prime?
False
Is 39520961 composite?
False
Is 449695 composite?
True
Is 59647 composite?
True
Is 4555129 composite?
True
Is 264767 prime?
False
Is 305859437 a prime number?
False
Is 10118809 a composite number?
True
Is 1150687 a prime number?
True
Is 30700139 a composite number?
False
Is 19854823 composite?
False
Is 346168307 a composite number?
False
Is 95820163 a prime number?
False
Is 3762259 composite?
False
Is 50547737 composite?
False
Is 14393779 prime?
True
Is 633679577 prime?
True
Is 47374909 a composite number?
True
Is 28802809 composite?
True
Is 506051137 a prime number?
False
Is 8477867 a composite number?
False
Is 375769847 prime?
True
Is 187332863 composite?
False
Is 126977219 a prime number?
False
Is 104848917 a composite number?
True
Is 97815281 prime?
True
Is 55448039 a prime number?
True
Is 1347431 prime?
False
Is 9000301 prime?
False
Is 128873273 a composite number?
True
Is 155239667 a prime number?
False
Is 34881937 a composite number?
False
Is 1949329 prime?
False
Is 9871789 a composite number?
False
Is 26443433 composite?
True
Is 705433 a composite number?
True
Is 87028897 a prime number?
True
Is 2061103 a composite number?
True
Is 35437351 a composite number?
False
Is 8960407 prime?
False
Is 12238189 prime?
False
Is 87820333 composite?
True
Is 21748807 a prime number?
True
Is 27647 a composite number?
False
Is 8887001 a prime number?
True
Is 27966667 a prime number?
False
Is 694366 prime?
False
Is 67942717 a prime number?
True
Is 80243753 a composite number?
True
Is 538457 a composite number?
False
Is 4806849 composite?
True
Is 6526549 prime?
False
Is 14743129 prime?
True
Is 5451221 composite?
True
Is 5062429 a composite number?
False
Is 441432779 prime?
True
Is 47703067 a composite number?
False
Is 981908669 prime?
False
Is 2615449 a prime number?
True
Is 5224991 a composite number?
False
Is 5368261 prime?
True
Is 1430069 composite?
True
Is 906463 a composite number?
True
Is 8509753 a prime number?
False
Is 1227197303 prime?
False
Is 204021173 composite?
False
Is 10589353 prime?
False
Is 41093911 a prime number?
True
Is 6966821 prime?
False
Is 2424151 a prime number?
False
Is 874919 composite?
False
Is 14781673 prime?
True
Is 65734843 a composite number?
True
Is 717631 prime?
True
Is 2137605055 prime?
False
Is 3352003 composite?
False
Is 258333 a composite number?
True
Is 870533 prime?
True
Is 94059733 a composite number?
True
Is 2285383 a composite number?
True
Is 2234473 a composite number?
True
Is 16944431 prime?
False
Is 129626857 a prime number?
True
Is 42518287 a composite number?
True
Is 757877621 a prime number?
True
Is 3651085 prime?
False
Is 6471541 prime?
True
Is 48738601 a composite number?
False
Is 64669499 a composite number?
True
Is 254929789 composite?
True
Is 190099777 composite?
True
Is 16156961 prime?
False
Is 207734833 composite?
False
Is 121056049 composite?
True
Is 233927 a prime number?
False
Is 2496955 a prime number?
False
Is 8611055 composite?
True
Is 4388731 a prime number?
True
Is 30589919 a prime number?
False
Is 17184373 a composite number?
True
Is 70983821 prime?
True
Is 77958147 composite?
True
Is 1132819 a prime number?
False
Is 1891749029 composite?
True
Is 3656657 prime?
True
Is 38726873 prime?
False
Is 8827573 a prime number?
False
Is 11570885 a prime number?
False
Is 121992203 a prime number?
True
Is 3510151 a composite number?
False
Is 1285469 prime?
True
Is 27617701 composite?
False
Is 24812387 prime?
True
Is 617127247 composite?
True
Is 5079577 a prime number?
True
Is 86606939 prime?
False
Is 47162153 a composite number?
False
Is 306430055 a composite number?
True
Is 18980947 composite?
False
Is 10235333 prime?
False
Is 1354655 a prime number?
False
Is 12590401 a prime number?
True
Is 533912047 a prime number?
False
Is 779079529 composite?
True
Is 9016619 composite?
True
Is 7756894 a composite number?
True
Is 461072111 composite?
False
Is 76484123 a composite number?
False
Is 5313353 a composite number?
False
Is 6073447 prime?
False
Is 410203 a prime number?
True
Is 7745413 a prime number?
False
Is 176764919 a prime number?
True
Is 4161499 composite?
False
Is 14462639 prime?
True
Is 819017 prime?
True
Is 11903201 a composite number?
False
Is 1416259 a prime number?
False
Is 156488671 a prime number?
True
Is 213833231 composite?
True
Is 53032417 a composite number?
False
Is 28482877 a composite number?
False
Is 33740053 a composite number?
True
Is 510677 a prime number?
True
Is 233857 a composite number?
True
Is 2635609 composite?
True
Is 11623919 a prime number?
True
Is 12752999 prime?
False
Is 158760767 prime?
False
Is 163876183 a prime number?
True
Is 355478 composite?
True
Is 1380551 prime?
True
Is 48683711 prime?
True
Is 58253 a composite number?
True
Is 5122199 a composite number?
True
Is 329599 a prime number?
False
Is 513131 composite?
False
Is 3277231 a prime number?
False
Is 15782167 a composite number?
True
Is 1754737 a composite number?
True
Is 19207 composite?
False
Is 41435081 prime?
True
Is 13885033 prime?
True
Is 881141 a prime number?
True
Is 8338709 a composite number?
False
Is 131261521 prime?
True
Is 2680709 composite?
False
Is 331959977 prime?
True
Is 564643 a prime number?
True
Is 105019861 composite?
True
Is 632419 a prime number?
False
Is 330097 composite?
False
Is 402526271 composite?
True
Is 25424989 a composite number?
False
Is 11973943 prime?
True
Is 29016131 composite?
False
Is 203985959 a prime number?
True
Is 47435867 prime?
False
Is 113028029 a prime number?
False
Is 127615 a composite number?
True
Is 21753211 a prime number?
False
Is 39798973 a prime number?
True
Is 8018614 a composite number?
True
Is 253519 prime?
False
Is 5023013 a prime number?
True
Is 246189263 a prime number?
False
Is 54367111 composite?
False
Is 2466187 composite?
False
Is 2729899 a composite number?
True
Is 52229 composite?
True
Is 4662863 a prime number?
True
Is 921677 a composite number?
False
Is 403013561 a prime number?
False
Is 82197827 a prime number?
True
Is 238562013 a prime number?
False
Is 64185679 a composite number?
False
Is 22881707 a prime number?
True
Is 17287733 prime?
True
Is 497774591 composite?
True
Is 13627743 a composite number?
True
Is 25109459 composite?
True
Is 4359629 composite?
False
Is 118842987 prime?
False
Is 1566731 a prime number?
True
Is 61232839 prime?
False
Is 66659122 a composite number?
True
Is 99388123 a prime number?
True
Is 108722 a prime number?
False
Is 6776767 prime?
False
Is 11247287 prime?
True
Is 311506859 a composite number?
False
Is 251305 a prime number?
False
Is 1451209 prime?
True
Is 177170027 composite?
False
Is 18105317 prime?
True
Is 19878587 composite?
False
Is 44767841 composite?
False
Is 162428209 a prime number?
False
Is 427117583 composite?
False
Is 3728357 a prime number?
True
Is 574927 prime?
False
Is 4414031 composite?
True
Is 7476043 a prime number?
True
Is 32327843 prime?
True
Is 45282011 a prime number?
True
Is 105236177 a prime number?
False
Is 10596563 composite?
False
Is 7618573 composite?
True
Is 27926113 a composite number?
False
Is 10011893 a composite number?
True
Is 3473963 a composite number?
True
Is 71304589 a composite number?
False
Is 102798107 composite?
False
Is 4041199 a composite number?
False
Is 54701 composite?
True
Is 10033493 prime?
True
Is 22367131 a composite number?
False
Is 20005691 prime?
False
Is 6043385 prime?
False
Is 161531 prime?
True
Is 137647 a composit